{"id":2,"date":"2025-08-27T11:58:07","date_gmt":"2025-08-27T11:58:07","guid":{"rendered":"https:\/\/arensoulshift.com\/?page_id=2"},"modified":"2025-09-08T21:45:36","modified_gmt":"2025-09-08T21:45:36","slug":"benkimim","status":"publish","type":"page","link":"https:\/\/arensoulshift.com\/index.php\/benkimim\/","title":{"rendered":"Aren Soul Shift Nedir."},"content":{"rendered":"\n<figure class=\"wp-block-image aligncenter size-full is-resized\"><img loading=\"lazy\" decoding=\"async\" width=\"1024\" height=\"1024\" src=\"https:\/\/arensoulshift.com\/wp-content\/uploads\/2025\/09\/logo-tasarim2.jpeg\" alt=\"\" class=\"wp-image-60\" style=\"width:316px;height:auto\" srcset=\"https:\/\/arensoulshift.com\/wp-content\/uploads\/2025\/09\/logo-tasarim2.jpeg 1024w, https:\/\/arensoulshift.com\/wp-content\/uploads\/2025\/09\/logo-tasarim2-300x300.jpeg 300w, https:\/\/arensoulshift.com\/wp-content\/uploads\/2025\/09\/logo-tasarim2-150x150.jpeg 150w, https:\/\/arensoulshift.com\/wp-content\/uploads\/2025\/09\/logo-tasarim2-768x768.jpeg 768w\" sizes=\"auto, (max-width: 1024px) 100vw, 1024px\" \/><\/figure>\n\n\n\n<div class=\"wp-block-group is-nowrap is-layout-flex wp-container-core-group-is-layout-6c531013 wp-block-group-is-layout-flex\">\n<p>        Merhaba, ben Ali, Aren Soulshift&#8217;in kurucusu ve rehberiyim. Bu yolculu\u011fa, i\u00e7sel \u0131\u015f\u0131\u011f\u0131n\u0131 arayan her ruha rehberlik etmek, onlar\u0131 kendi g\u00fc\u00e7leriyle bulu\u015fturmak ve bu d\u00fcnyan\u0131n sundu\u011fu en derin d\u00f6n\u00fc\u015f\u00fcm\u00fc deneyimlemeleri i\u00e7in bir k\u00f6pr\u00fc olmak amac\u0131yla \u00e7\u0131kt\u0131m.<br>\u200bAren Soulshift benim i\u00e7in sadece bir isim de\u011fil; o benim ya\u015fam felsefem, tutkum ve varolu\u015f amac\u0131m\u0131n bir yans\u0131mas\u0131. Her birimizin i\u00e7inde yedi \u00e7akra renginde parlayan e\u015fsiz bir enerji oldu\u011funu, bu enerjinin meleklerin ilahi rehberli\u011fiyle uyand\u0131r\u0131labilece\u011fini derinden inan\u0131yorum. Bu inan\u00e7, beni bu yola \u00e7\u0131karan ve Aren Soulshift&#8217;i hayata ge\u00e7iren temel g\u00fc\u00e7 oldu.<br>\u200b       Kendimi, bir \u0131\u015f\u0131k i\u015f\u00e7isi, bir rehber ve ruhsal uyan\u0131\u015f\u0131n bir par\u00e7as\u0131 olarak g\u00f6r\u00fcyorum. Y\u0131llard\u0131r s\u00fcren ki\u015fisel yolculu\u011fumda edindi\u011fim bilgi ve deneyimlerimi, \u015fimdi sizinle payla\u015fmaktan onur duyuyorum. Benimle birlikte Aren Soulshift&#8217;in kap\u0131lar\u0131n\u0131 aralad\u0131\u011f\u0131n\u0131zda, sadece bir programa de\u011fil, ayn\u0131 zamanda kendinizi bulaca\u011f\u0131n\u0131z, \u015fifalanaca\u011f\u0131n\u0131z ve yeniden do\u011faca\u011f\u0131n\u0131z bir toplulu\u011fa ad\u0131m atm\u0131\u015f olacaks\u0131n\u0131z.<br>\u200bAmac\u0131m, sizin de kendi i\u00e7sel mele\u011finizle ba\u011flant\u0131 kurman\u0131za, \u00e7akralar\u0131n\u0131z\u0131 dengelemenize ve ruhunuzun en derin arzular\u0131n\u0131 ke\u015ffetmenize yard\u0131mc\u0131 olmak. Bu, sadece bir ba\u015flang\u0131\u00e7; Aren Soulshift ile kendinizin en otantik, en g\u00fc\u00e7l\u00fc ve en parlak versiyonuna ula\u015facaks\u0131n\u0131z.<br>\u200b        Gelin, bu d\u00f6n\u00fc\u015f\u00fcm yolculu\u011funda birlikte y\u00fcr\u00fcyelim. Ruhunuzun \u015fark\u0131s\u0131n\u0131 yeniden ke\u015ffedin ve Aren Soulshift&#8217;in b\u00fcy\u00fcl\u00fc enerjisiyle kendinizi d\u00fcnyaya duyurun.<br>\u200bSevgi ve I\u015f\u0131kla,\u200b                                 <\/p>\n<\/div>\n\n\n\n<p class=\"has-text-align-right has-raft-fg-color has-text-color has-link-color wp-elements-51147d8337ed38ccf864dca4226276df\">                                                             Ben Ali<\/p>\n\n\n\n<p class=\"has-text-align-right\">Aren SoulShift Kurucusu <\/p>\n","protected":false},"excerpt":{"rendered":"<p>Merhaba, ben Ali, Aren Soulshift&#8217;in kurucusu ve rehberiyim. Bu yolculu\u011fa, i\u00e7sel \u0131\u015f\u0131\u011f\u0131n\u0131 arayan her ruha rehberlik etmek, onlar\u0131 kendi g\u00fc\u00e7leriyle bulu\u015fturmak ve bu d\u00fcnyan\u0131n sundu\u011fu en derin d\u00f6n\u00fc\u015f\u00fcm\u00fc deneyimlemeleri i\u00e7in bir k\u00f6pr\u00fc olmak amac\u0131yla \u00e7\u0131kt\u0131m.\u200bAren Soulshift benim i\u00e7in sadece bir isim de\u011fil; o benim ya\u015fam felsefem, tutkum ve varolu\u015f amac\u0131m\u0131n bir yans\u0131mas\u0131. Her birimizin i\u00e7inde [&hellip;]<\/p>\n","protected":false},"author":1,"featured_media":0,"parent":0,"menu_order":0,"comment_status":"closed","ping_status":"open","template":"","meta":{"footnotes":""},"class_list":["post-2","page","type-page","status-publish","hentry"],"yoast_head":"<!-- This site is optimized with the Yoast SEO plugin v26.2 - https:\/\/yoast.com\/wordpress\/plugins\/seo\/ -->\n<title>Aren Soul Shift Nedir. - Aren Soul Shift<\/title>\n<meta name=\"robots\" content=\"index, follow, max-snippet:-1, max-image-preview:large, max-video-preview:-1\" \/>\n<link rel=\"canonical\" href=\"https:\/\/arensoulshift.com\/index.php\/benkimim\/\" \/>\n<meta property=\"og:locale\" content=\"tr_TR\" \/>\n<meta property=\"og:type\" content=\"article\" \/>\n<meta property=\"og:title\" content=\"Aren Soul Shift Nedir. - Aren Soul Shift\" \/>\n<meta property=\"og:description\" content=\"Merhaba, ben Ali, Aren Soulshift&#8217;in kurucusu ve rehberiyim. Bu yolculu\u011fa, i\u00e7sel \u0131\u015f\u0131\u011f\u0131n\u0131 arayan her ruha rehberlik etmek, onlar\u0131 kendi g\u00fc\u00e7leriyle bulu\u015fturmak ve bu d\u00fcnyan\u0131n sundu\u011fu en derin d\u00f6n\u00fc\u015f\u00fcm\u00fc deneyimlemeleri i\u00e7in bir k\u00f6pr\u00fc olmak amac\u0131yla \u00e7\u0131kt\u0131m.\u200bAren Soulshift benim i\u00e7in sadece bir isim de\u011fil; o benim ya\u015fam felsefem, tutkum ve varolu\u015f amac\u0131m\u0131n bir yans\u0131mas\u0131. Her birimizin i\u00e7inde [&hellip;]\" \/>\n<meta property=\"og:url\" content=\"https:\/\/arensoulshift.com\/index.php\/benkimim\/\" \/>\n<meta property=\"og:site_name\" content=\"Aren Soul Shift\" \/>\n<meta property=\"article:publisher\" content=\"https:\/\/www.facebook.com\/profile.php?id=61579820667358&amp;sk=about_details\" \/>\n<meta property=\"article:modified_time\" content=\"2025-09-08T21:45:36+00:00\" \/>\n<meta property=\"og:image\" content=\"https:\/\/arensoulshift.com\/wp-content\/uploads\/2025\/09\/logo-tasarim2.jpeg\" \/>\n\t<meta property=\"og:image:width\" content=\"1024\" \/>\n\t<meta property=\"og:image:height\" content=\"1024\" \/>\n\t<meta property=\"og:image:type\" content=\"image\/jpeg\" \/>\n<meta name=\"twitter:card\" content=\"summary_large_image\" \/>\n<meta name=\"twitter:site\" content=\"@ArenSoulshift\" \/>\n<meta name=\"twitter:label1\" content=\"Tahmini okuma s\u00fcresi\" \/>\n\t<meta name=\"twitter:data1\" content=\"1 dakika\" \/>\n<script type=\"application\/ld+json\" class=\"yoast-schema-graph\">{\"@context\":\"https:\/\/schema.org\",\"@graph\":[{\"@type\":\"WebPage\",\"@id\":\"https:\/\/arensoulshift.com\/index.php\/benkimim\/\",\"url\":\"https:\/\/arensoulshift.com\/index.php\/benkimim\/\",\"name\":\"Aren Soul Shift Nedir. - Aren Soul Shift\",\"isPartOf\":{\"@id\":\"https:\/\/arensoulshift.com\/#website\"},\"primaryImageOfPage\":{\"@id\":\"https:\/\/arensoulshift.com\/index.php\/benkimim\/#primaryimage\"},\"image\":{\"@id\":\"https:\/\/arensoulshift.com\/index.php\/benkimim\/#primaryimage\"},\"thumbnailUrl\":\"https:\/\/arensoulshift.com\/wp-content\/uploads\/2025\/09\/logo-tasarim2.jpeg\",\"datePublished\":\"2025-08-27T11:58:07+00:00\",\"dateModified\":\"2025-09-08T21:45:36+00:00\",\"breadcrumb\":{\"@id\":\"https:\/\/arensoulshift.com\/index.php\/benkimim\/#breadcrumb\"},\"inLanguage\":\"tr\",\"potentialAction\":[{\"@type\":\"ReadAction\",\"target\":[\"https:\/\/arensoulshift.com\/index.php\/benkimim\/\"]}]},{\"@type\":\"ImageObject\",\"inLanguage\":\"tr\",\"@id\":\"https:\/\/arensoulshift.com\/index.php\/benkimim\/#primaryimage\",\"url\":\"https:\/\/arensoulshift.com\/wp-content\/uploads\/2025\/09\/logo-tasarim2.jpeg\",\"contentUrl\":\"https:\/\/arensoulshift.com\/wp-content\/uploads\/2025\/09\/logo-tasarim2.jpeg\",\"width\":1024,\"height\":1024},{\"@type\":\"BreadcrumbList\",\"@id\":\"https:\/\/arensoulshift.com\/index.php\/benkimim\/#breadcrumb\",\"itemListElement\":[{\"@type\":\"ListItem\",\"position\":1,\"name\":\"Anasayfa\",\"item\":\"https:\/\/arensoulshift.com\/\"},{\"@type\":\"ListItem\",\"position\":2,\"name\":\"Aren Soul Shift Nedir.\"}]},{\"@type\":\"WebSite\",\"@id\":\"https:\/\/arensoulshift.com\/#website\",\"url\":\"https:\/\/arensoulshift.com\/\",\"name\":\"Aren Soul Shift\",\"description\":\"\",\"publisher\":{\"@id\":\"https:\/\/arensoulshift.com\/#organization\"},\"potentialAction\":[{\"@type\":\"SearchAction\",\"target\":{\"@type\":\"EntryPoint\",\"urlTemplate\":\"https:\/\/arensoulshift.com\/?s={search_term_string}\"},\"query-input\":{\"@type\":\"PropertyValueSpecification\",\"valueRequired\":true,\"valueName\":\"search_term_string\"}}],\"inLanguage\":\"tr\"},{\"@type\":\"Organization\",\"@id\":\"https:\/\/arensoulshift.com\/#organization\",\"name\":\"Aren Soul Shift\",\"url\":\"https:\/\/arensoulshift.com\/\",\"logo\":{\"@type\":\"ImageObject\",\"inLanguage\":\"tr\",\"@id\":\"https:\/\/arensoulshift.com\/#\/schema\/logo\/image\/\",\"url\":\"https:\/\/arensoulshift.com\/wp-content\/uploads\/2025\/08\/ARENSOULSHIFT.jpeg\",\"contentUrl\":\"https:\/\/arensoulshift.com\/wp-content\/uploads\/2025\/08\/ARENSOULSHIFT.jpeg\",\"width\":2048,\"height\":2048,\"caption\":\"Aren Soul Shift\"},\"image\":{\"@id\":\"https:\/\/arensoulshift.com\/#\/schema\/logo\/image\/\"},\"sameAs\":[\"https:\/\/www.facebook.com\/profile.php?id=61579820667358&sk=about_details\",\"https:\/\/x.com\/ArenSoulshift\",\"https:\/\/www.youtube.com\/@arensoulshift\"]}]}<\/script>\n<!-- \/ Yoast SEO plugin. -->","yoast_head_json":{"title":"Aren Soul Shift Nedir. - Aren Soul Shift","robots":{"index":"index","follow":"follow","max-snippet":"max-snippet:-1","max-image-preview":"max-image-preview:large","max-video-preview":"max-video-preview:-1"},"canonical":"https:\/\/arensoulshift.com\/index.php\/benkimim\/","og_locale":"tr_TR","og_type":"article","og_title":"Aren Soul Shift Nedir. - Aren Soul Shift","og_description":"Merhaba, ben Ali, Aren Soulshift&#8217;in kurucusu ve rehberiyim. Bu yolculu\u011fa, i\u00e7sel \u0131\u015f\u0131\u011f\u0131n\u0131 arayan her ruha rehberlik etmek, onlar\u0131 kendi g\u00fc\u00e7leriyle bulu\u015fturmak ve bu d\u00fcnyan\u0131n sundu\u011fu en derin d\u00f6n\u00fc\u015f\u00fcm\u00fc deneyimlemeleri i\u00e7in bir k\u00f6pr\u00fc olmak amac\u0131yla \u00e7\u0131kt\u0131m.\u200bAren Soulshift benim i\u00e7in sadece bir isim de\u011fil; o benim ya\u015fam felsefem, tutkum ve varolu\u015f amac\u0131m\u0131n bir yans\u0131mas\u0131. Her birimizin i\u00e7inde [&hellip;]","og_url":"https:\/\/arensoulshift.com\/index.php\/benkimim\/","og_site_name":"Aren Soul Shift","article_publisher":"https:\/\/www.facebook.com\/profile.php?id=61579820667358&sk=about_details","article_modified_time":"2025-09-08T21:45:36+00:00","og_image":[{"width":1024,"height":1024,"url":"https:\/\/arensoulshift.com\/wp-content\/uploads\/2025\/09\/logo-tasarim2.jpeg","type":"image\/jpeg"}],"twitter_card":"summary_large_image","twitter_site":"@ArenSoulshift","twitter_misc":{"Tahmini okuma s\u00fcresi":"1 dakika"},"schema":{"@context":"https:\/\/schema.org","@graph":[{"@type":"WebPage","@id":"https:\/\/arensoulshift.com\/index.php\/benkimim\/","url":"https:\/\/arensoulshift.com\/index.php\/benkimim\/","name":"Aren Soul Shift Nedir. - Aren Soul Shift","isPartOf":{"@id":"https:\/\/arensoulshift.com\/#website"},"primaryImageOfPage":{"@id":"https:\/\/arensoulshift.com\/index.php\/benkimim\/#primaryimage"},"image":{"@id":"https:\/\/arensoulshift.com\/index.php\/benkimim\/#primaryimage"},"thumbnailUrl":"https:\/\/arensoulshift.com\/wp-content\/uploads\/2025\/09\/logo-tasarim2.jpeg","datePublished":"2025-08-27T11:58:07+00:00","dateModified":"2025-09-08T21:45:36+00:00","breadcrumb":{"@id":"https:\/\/arensoulshift.com\/index.php\/benkimim\/#breadcrumb"},"inLanguage":"tr","potentialAction":[{"@type":"ReadAction","target":["https:\/\/arensoulshift.com\/index.php\/benkimim\/"]}]},{"@type":"ImageObject","inLanguage":"tr","@id":"https:\/\/arensoulshift.com\/index.php\/benkimim\/#primaryimage","url":"https:\/\/arensoulshift.com\/wp-content\/uploads\/2025\/09\/logo-tasarim2.jpeg","contentUrl":"https:\/\/arensoulshift.com\/wp-content\/uploads\/2025\/09\/logo-tasarim2.jpeg","width":1024,"height":1024},{"@type":"BreadcrumbList","@id":"https:\/\/arensoulshift.com\/index.php\/benkimim\/#breadcrumb","itemListElement":[{"@type":"ListItem","position":1,"name":"Anasayfa","item":"https:\/\/arensoulshift.com\/"},{"@type":"ListItem","position":2,"name":"Aren Soul Shift Nedir."}]},{"@type":"WebSite","@id":"https:\/\/arensoulshift.com\/#website","url":"https:\/\/arensoulshift.com\/","name":"Aren Soul Shift","description":"","publisher":{"@id":"https:\/\/arensoulshift.com\/#organization"},"potentialAction":[{"@type":"SearchAction","target":{"@type":"EntryPoint","urlTemplate":"https:\/\/arensoulshift.com\/?s={search_term_string}"},"query-input":{"@type":"PropertyValueSpecification","valueRequired":true,"valueName":"search_term_string"}}],"inLanguage":"tr"},{"@type":"Organization","@id":"https:\/\/arensoulshift.com\/#organization","name":"Aren Soul Shift","url":"https:\/\/arensoulshift.com\/","logo":{"@type":"ImageObject","inLanguage":"tr","@id":"https:\/\/arensoulshift.com\/#\/schema\/logo\/image\/","url":"https:\/\/arensoulshift.com\/wp-content\/uploads\/2025\/08\/ARENSOULSHIFT.jpeg","contentUrl":"https:\/\/arensoulshift.com\/wp-content\/uploads\/2025\/08\/ARENSOULSHIFT.jpeg","width":2048,"height":2048,"caption":"Aren Soul Shift"},"image":{"@id":"https:\/\/arensoulshift.com\/#\/schema\/logo\/image\/"},"sameAs":["https:\/\/www.facebook.com\/profile.php?id=61579820667358&sk=about_details","https:\/\/x.com\/ArenSoulshift","https:\/\/www.youtube.com\/@arensoulshift"]}]}},"_links":{"self":[{"href":"https:\/\/arensoulshift.com\/index.php\/wp-json\/wp\/v2\/pages\/2","targetHints":{"allow":["GET"]}}],"collection":[{"href":"https:\/\/arensoulshift.com\/index.php\/wp-json\/wp\/v2\/pages"}],"about":[{"href":"https:\/\/arensoulshift.com\/index.php\/wp-json\/wp\/v2\/types\/page"}],"author":[{"embeddable":true,"href":"https:\/\/arensoulshift.com\/index.php\/wp-json\/wp\/v2\/users\/1"}],"replies":[{"embeddable":true,"href":"https:\/\/arensoulshift.com\/index.php\/wp-json\/wp\/v2\/comments?post=2"}],"version-history":[{"count":7,"href":"https:\/\/arensoulshift.com\/index.php\/wp-json\/wp\/v2\/pages\/2\/revisions"}],"predecessor-version":[{"id":61,"href":"https:\/\/arensoulshift.com\/index.php\/wp-json\/wp\/v2\/pages\/2\/revisions\/61"}],"wp:attachment":[{"href":"https:\/\/arensoulshift.com\/index.php\/wp-json\/wp\/v2\/media?parent=2"}],"curies":[{"name":"wp","href":"https:\/\/api.w.org\/{rel}","templated":true}]}}